{"id":262,"date":"2023-11-28T14:45:23","date_gmt":"2023-11-28T14:45:23","guid":{"rendered":"http:\/\/www.saukliukapela.lt\/?page_id=262"},"modified":"2026-01-26T12:24:56","modified_gmt":"2026-01-26T12:24:56","slug":"pradzia","status":"publish","type":"page","link":"https:\/\/www.saukliukapela.lt\/","title":{"rendered":"Prad\u017eia"},"content":{"rendered":"<p><!-- Facebook SDK --><\/p>\n<div id=\"fb-root\">&nbsp;<\/div>\n<p><script async=\"\" defer=\"\" crossorigin=\"anonymous\" src=\"https:\/\/connect.facebook.net\/en_GB\/sdk.js#xfbml=1&amp;version=v20.0\"><\/script><\/p>\n\n<div class=\"wp-block-image\">\n<figure class=\"aligncenter size-large is-resized\"><img decoding=\"async\" src=\"https:\/\/www.saukliukapela.lt\/wp-content\/gallery\/2023\/452896713_122164438130156711_9144198773258744115_n.jpg\" alt=\"\" style=\"aspect-ratio:1.3541666666666667;width:860px;height:auto\"\/><\/figure>\n<\/div>\n\n\n<p><\/p>\n\n\n\n<div class=\"wp-block-group alignwide is-vertical is-layout-flex wp-container-core-group-is-layout-8cf370e7 wp-block-group-is-layout-flex\">\n<div class=\"wp-block-group\"><div class=\"wp-block-group__inner-container is-layout-constrained wp-block-group-is-layout-constrained\">\n<p>\u0160aukli\u0173 kaimo kapela &#8222;Kadagys&#8221; \u2013 tai kolektyvas i\u0161 Skuodo rajono, susib\u016br\u0119s 2022 m. pavasar\u012f. Kadagio misija \u2013 puosel\u0117ti tradicin\u0119 lietuvi\u0161k\u0105 liaudies muzik\u0105, dalintis ja su kitais ir kurti smagi\u0105 atmosfer\u0105 \u012fvairiose \u0161vent\u0117se.<\/p>\n\n\n\n<p>Kapel\u0105 sudaro entuziastingi muzikantai, kuriems muzika yra ne tik laisvalaikis, bet ir gyvenimo b\u016bdas. Kolektyvas aktyviai dalyvauja \u012fvairiuose renginiuose: seni\u016bnij\u0173 \u0161vent\u0117se, folkloro festivaliuose, gegu\u017ein\u0117s\u0117. Kadagio repertuaras platus ir \u012fvairus: nuo \u017eaisming\u0173 polk\u0173 ir jaudinan\u010di\u0173 lyrini\u0173 dain\u0173.<\/p>\n\n\n\n<p>Kapela stengiasi i\u0161laikyti autenti\u0161k\u0105 liaudies muzikos skambes\u012f, ta\u010diau nebijo paimprovizuoti ir suteikti savo muzikai savito brai\u017eo. Jei ie\u0161kote linksmos ir nuo\u0161ird\u017eios muzikos, \u0160aukli\u0173 kaimo kapela &#8222;Kadagys&#8221; \u2013 puikus pasirinkimas!<\/p>\n<\/div><\/div>\n<\/div>\n\n\n\n<pre class=\"wp-block-preformatted\"><\/pre>\n\n\n<div class=\"fb-like\" data-href=\"https:\/\/www.saukliukapela.lt\" data-width=\"\" data-layout=\"standard\" data-action=\"like\" data-size=\"small\" data-share=\"true\">&nbsp;<\/div>\n\n\n<h1 class=\"wp-block-heading\"><\/h1>\n","protected":false},"excerpt":{"rendered":"<p>&nbsp; \u0160aukli\u0173 kaimo kapela &#8222;Kadagys&#8221; \u2013 tai kolektyvas i\u0161 Skuodo rajono, susib\u016br\u0119s 2022 m. pavasar\u012f. Kadagio misija \u2013 puosel\u0117ti tradicin\u0119 lietuvi\u0161k\u0105 liaudies muzik\u0105, dalintis ja su kitais ir kurti smagi\u0105 atmosfer\u0105 \u012fvairiose \u0161vent\u0117se. Kapel\u0105 sudaro entuziastingi muzikantai, kuriems muzika yra ne tik laisvalaikis, bet ir gyvenimo b\u016bdas. Kolektyvas aktyviai dalyvauja \u012fvairiuose renginiuose: seni\u016bnij\u0173 \u0161vent\u0117se, folkloro [&hellip;]<\/p>\n","protected":false},"author":2,"featured_media":0,"parent":0,"menu_order":0,"comment_status":"closed","ping_status":"closed","template":"","meta":{"ngg_post_thumbnail":0,"footnotes":""},"class_list":["post-262","page","type-page","status-publish","hentry"],"_links":{"self":[{"href":"https:\/\/www.saukliukapela.lt\/index.php?rest_route=\/wp\/v2\/pages\/262","targetHints":{"allow":["GET"]}}],"collection":[{"href":"https:\/\/www.saukliukapela.lt\/index.php?rest_route=\/wp\/v2\/pages"}],"about":[{"href":"https:\/\/www.saukliukapela.lt\/index.php?rest_route=\/wp\/v2\/types\/page"}],"author":[{"embeddable":true,"href":"https:\/\/www.saukliukapela.lt\/index.php?rest_route=\/wp\/v2\/users\/2"}],"replies":[{"embeddable":true,"href":"https:\/\/www.saukliukapela.lt\/index.php?rest_route=%2Fwp%2Fv2%2Fcomments&post=262"}],"version-history":[{"count":35,"href":"https:\/\/www.saukliukapela.lt\/index.php?rest_route=\/wp\/v2\/pages\/262\/revisions"}],"predecessor-version":[{"id":641,"href":"https:\/\/www.saukliukapela.lt\/index.php?rest_route=\/wp\/v2\/pages\/262\/revisions\/641"}],"wp:attachment":[{"href":"https:\/\/www.saukliukapela.lt\/index.php?rest_route=%2Fwp%2Fv2%2Fmedia&parent=262"}],"curies":[{"name":"wp","href":"https:\/\/api.w.org\/{rel}","templated":true}]}}